nder when 143244 is divided by 18?
0
What is the remainder when 51273 is divided by 17090?
3
What is the remainder when 185405 is divided by 266?
3
Calculate the remainder when 11605 is divided by 30.
25
Calculate the remainder when 773 is divided by 672.
101
Calculate the remainder when 9879 is divided by 1095.
24
What is the remainder when 2335 is divided by 2324?
11
What is the remainder when 68835 is divided by 43?
35
What is the remainder when 9965 is divided by 78?
59
What is the remainder when 880868 is divided by 10?
8
What is the remainder when 2154338 is divided by 133?
4
Calculate the remainder when 55949 is divided by 4.
1
What is the remainder when 27792 is divided by 31?
16
Calculate the remainder when 450131 is divided by 174.
167
What is the remainder when 12174 is divided by 33?
30
Calculate the remainder when 453166 is divided by 3433.
10
Calculate the remainder when 450 is divided by 420.
30
Calculate the remainder when 52696 is divided by 527.
523
Calculate the remainder when 1789 is divided by 351.
34
What is the remainder when 20878 is divided by 23?
17
Calculate the remainder when 289138 is divided by 44.
14
What is the remainder when 6338 is divided by 318?
296
Calculate the remainder when 11110 is divided by 327.
319
Calculate the remainder when 19088 is divided by 995.
183
Calculate the remainder when 61773 is divided by 35.
33
Calculate the remainder when 1080 is divided by 118.
18
Calculate the remainder when 12770 is divided by 250.
20
What is the remainder when 3816 is divided by 7?
1
Calculate the remainder when 221382 is divided by 347.
343
Calculate the remainder when 40552 is divided by 5769.
169
Calculate the remainder when 20954 is divided by 308.
10
What is the remainder when 118418 is divided by 556?
546
Calculate the remainder when 9549 is divided by 39.
33
Calculate the remainder when 49231 is divided by 1968.
31
Calculate the remainder when 1218 is divided by 243.
3
Calculate the remainder when 1253 is divided by 477.
299
Calculate the remainder when 36661 is divided by 69.
22
What is the remainder when 18520 is divided by 531?
466
Calculate the remainder when 5673 is divided by 1880.
33
What is the remainder when 184142 is divided by 8?
6
Calculate the remainder when 1194 is divided by 595.
4
Calculate the remainder when 7912 is divided by 2546.
274
What is the remainder when 5183 is divided by 32?
31
Calculate the remainder when 50224 is divided by 255.
244
What is the remainder when 205637 is divided by 61?
6
Calculate the remainder when 242457 is divided by 1133.
1128
What is the remainder when 5979 is divided by 1012?
919
What is the remainder when 713821 is divided by 237939?
4
What is the remainder when 897 is divided by 31?
29
Calculate the remainder when 38161 is divided by 9531.
37
What is the remainder when 229760 is divided by 666?
656
What is the remainder when 83636 is divided by 16726?
6
Calculate the remainder when 5079 is divided by 5066.
13
Calculate the remainder when 68720 is divided by 19.
16
Calculate the remainder when 13178 is divided by 507.
503
Calculate the remainder when 341571 is divided by 308.
307
What is the remainder when 4199 is divided by 381?
8
Calculate the remainder when 14938 is divided by 24.
10
What is the remainder when 2311 is divided by 107?
64
Calculate the remainder when 316675 is divided by 56.
51
What is the remainder when 848 is divided by 261?
65
Calculate the remainder when 2402 is divided by 73.
66
Calculate the remainder when 7975 is divided by 180.
55
What is the remainder when 147732 is divided by 241?
240
What is the remainder when 81769 is divided by 97?
95
What is the remainder when 24238 is divided by 6050?
38
What is the remainder when 5617 is divided by 65?
27
What is the remainder when 1104 is divided by 186?
174
What is the remainder when 546 is divided by 465?
81
Calculate the remainder when 34573 is divided by 15.
13
Calculate the remainder when 3608 is divided by 823.
316
What is the remainder when 155394 is divided by 50?
44
What is the remainder when 238094 is divided by 9?
8
Calculate the remainder when 12067 is divided by 105.
97
Calculate the remainder when 3245 is divided by 756.
221
What is the remainder when 4581 is divided by 234?
135
What is the remainder when 3040 is divided by 460?
280
Calculate the remainder when 21984 is divided by 16.
0
Calculate the remainder when 1227 is divided by 10.
7
What is the remainder when 15122 is divided by 401?
285
What is the remainder when 520278 is divided by 74325?
3
Calculate the remainder when 11636 is divided by 73.
29
What is the remainder when 146890 is divided by 64?
10
Calculate the remainder when 30045 is divided by 30019.
26
What is the remainder when 1346 is divided by 290?
186
What is the remainder when 546550 is divided by 83?
78
What is the remainder when 5612 is divided by 305?
122
Calculate the remainder when 4755 is divided by 74.
19
Calculate the remainder when 147 is divided by 11.
4
Calculate the remainder when 3886 is divided by 445.
326
What is the remainder when 7197 is divided by 1437?
12
Calculate the remainder when 3445 is divided by 480.
85
Calculate the remainder when 2823 is divided by 219.
195
What is the remainder when 13489 is divided by 13427?
62
Calculate the remainder when 119202 is divided by 332.
14
What is the remainder when 114389 is divided by 11433?
59
What is the remainder when 23607 is divided by 69?
9
What is the remainder when 164875 is divided by 8243?
15
What is the remainder when 41579 is divided by 495?
494
Calculate the remainder when 185 is divided by 17.
15
What is the remainder when 22885 is divided by 4577?
0
What is the remainder when 131923 is divided by 92?
87
What is the remainder when 1898867 is divided by 543?
539
Calculate the remainder when 130074 is divided by 97.
94
What is the remainder when 46913 is divided by 367?
304
What is the remainder when 4967 is divided by 68?
3
What is the remainder when 21825 is divided by 1794?
297
Calculate the remainder when 14170 is divided by 4710.
40
Calculate the remainder when 31167 is divided by 6223.
52
Calculate the remainder when 891944 is divided by 622.
618
What is the remainder when 18745 is divided by 602?
83
What is the remainder when 2176 is divided by 2154?
22
What is the remainder when 47143 is divided by 47141?
2
What is the remainder when 700377 is divided by 38909?
15
What is the remainder when 972214 is divided by 15?
4
Calculate the remainder when 79512 is divided by 284.
276
Calculate the remainder when 14752 is divided by 813.
118
What is the remainder when 1433 is divided by 9?
2
What is the remainder when 101072 is divided by 683?
671
What is the remainder when 2326 is divided by 157?
128
What is the remainder when 1703 is divided by 205?
63
Calculate the remainder when 4428 is divided by 1287.
567
What is the remainder when 8482473 is divided by 20?
13
What is the remainder when 15972 is divided by 666?
654
What is the remainder when 3840 is divided by 13?
5
Calculate the remainder when 234530 is divided by 7.
2
Calculate the remainder when 150301 is divided by 223.
222
Calculate the remainder when 840 is divided by 251.
87
What is the remainder when 5636 is divided by 793?
85
What is the remainder when 3788 is divided by 1600?
588
What is the remainder when 6142 is divided by 877?
3
Calculate the remainder when 5457 is divided by 682.
1
Calculate the remainder when 781451 is divided by 441.
440
What is the remainder when 9686 is divided by 4823?
40
Calculate the remainder when 2124 is divided by 119.
101
Calculate the remainder when 6034 is divided by 2950.
134
Calculate the remainder when 28023 is divided by 13713.
597
What is the remainder when 4891 is divided by 214?
183
What is the remainder when 41276 is divided by 32?
28
Calculate the remainder when 133433 is divided by 417.
410
Calculate the remainder when 16929 is divided by 8462.
5
What is the remainder when 8583 is divided by 226?
221
What is the remainder when 34701 is divided by 128?
13
What is the remainder when 6328 is divided by 185?
38
Calculate the remainder when 23430 is divided by 11709.
12
What is the remainder when 76263 is divided by 2629?
22
What is the remainder when 28401 is divided by 2837